 by 20759?
3
What is the remainder when 9250 is divided by 1022?
52
What is the remainder when 601979 is divided by 214?
211
What is the remainder when 2788 is divided by 1327?
134
Calculate the remainder when 8881 is divided by 82.
25
What is the remainder when 1670 is divided by 68?
38
What is the remainder when 40759 is divided by 10?
9
What is the remainder when 9703 is divided by 609?
568
What is the remainder when 356 is divided by 171?
14
Calculate the remainder when 118801 is divided by 307.
299
What is the remainder when 74194 is divided by 108?
106
Calculate the remainder when 110374 is divided by 146.
144
Calculate the remainder when 922 is divided by 109.
50
Calculate the remainder when 8761 is divided by 351.
337
Calculate the remainder when 192104 is divided by 64034.
2
Calculate the remainder when 670736 is divided by 361.
359
Calculate the remainder when 10854 is divided by 26.
12
Calculate the remainder when 1140405 is divided by 674.
671
What is the remainder when 5040 is divided by 2270?
500
Calculate the remainder when 4481 is divided by 4419.
62
Calculate the remainder when 299780 is divided by 23059.
13
Calculate the remainder when 10353 is divided by 345.
3
What is the remainder when 3066 is divided by 3025?
41
What is the remainder when 4656 is divided by 1?
0
What is the remainder when 25065 is divided by 5006?
35
Calculate the remainder when 2052539 is divided by 945.
944
Calculate the remainder when 1394 is divided by 1069.
325
What is the remainder when 3009941 is divided by 370?
361
What is the remainder when 1623 is divided by 90?
3
What is the remainder when 207375 is divided by 69120?
15
Calculate the remainder when 9865 is divided by 94.
89
What is the remainder when 5488 is divided by 458?
450
What is the remainder when 14445 is divided by 667?
438
What is the remainder when 82198 is divided by 25?
23
Calculate the remainder when 20938 is divided by 6.
4
What is the remainder when 534 is divided by 102?
24
Calculate the remainder when 242676 is divided by 10.
6
Calculate the remainder when 3242 is divided by 124.
18
What is the remainder when 14218 is divided by 807?
499
What is the remainder when 153311 is divided by 329?
326
What is the remainder when 70671 is divided by 642?
51
Calculate the remainder when 200086 is divided by 2021.
7
What is the remainder when 37562 is divided by 202?
192
What is the remainder when 39803 is divided by 480?
443
Calculate the remainder when 3745 is divided by 624.
1
Calculate the remainder when 14403 is divided by 195.
168
What is the remainder when 106426 is divided by 178?
160
Calculate the remainder when 950412 is divided by 33.
12
Calculate the remainder when 30338 is divided by 2167.
0
Calculate the remainder when 150042 is divided by 3751.
2
Calculate the remainder when 102101 is divided by 2758.
55
Calculate the remainder when 1959 is divided by 126.
69
Calculate the remainder when 47780 is divided by 163.
21
Calculate the remainder when 1362 is divided by 1352.
10
What is the remainder when 31055 is divided by 727?
521
Calculate the remainder when 20250 is divided by 230.
10
What is the remainder when 9379 is divided by 70?
69
What is the remainder when 2284672 is divided by 28?
12
Calculate the remainder when 3808151 is divided by 72.
71
What is the remainder when 4482 is divided by 84?
30
What is the remainder when 5952 is divided by 1204?
1136
What is the remainder when 7368 is divided by 196?
116
Calculate the remainder when 1339 is divided by 2.
1
Calculate the remainder when 468289 is divided by 7095.
19
What is the remainder when 22702 is divided by 194?
4
Calculate the remainder when 66439 is divided by 1088.
71
Calculate the remainder when 2889 is divided by 315.
54
Calculate the remainder when 42512 is divided by 279.
104
What is the remainder when 37480 is divided by 259?
184
Calculate the remainder when 22732 is divided by 28.
24
What is the remainder when 7742 is divided by 7741?
1
What is the remainder when 76256 is divided by 147?
110
Calculate the remainder when 47635 is divided by 7936.
19
Calculate the remainder when 1128633 is divided by 523.
522
Calculate the remainder when 20391 is divided by 408.
399
What is the remainder when 62382 is divided by 6232?
62
Calculate the remainder when 9191 is divided by 4557.
77
What is the remainder when 3414 is divided by 14?
12
Calculate the remainder when 36770 is divided by 317.
315
Calculate the remainder when 1466 is divided by 31.
9
Calculate the remainder when 7025 is divided by 53.
29
What is the remainder when 114674 is divided by 114663?
11
What is the remainder when 20115 is divided by 1256?
19
Calculate the remainder when 9477 is divided by 103.
1
Calculate the remainder when 29222 is divided by 71.
41
Calculate the remainder when 12963 is divided by 1440.
3
What is the remainder when 78270 is divided by 301?
10
Calculate the remainder when 4079 is divided by 1536.
1007
Calculate the remainder when 6203 is divided by 561.
32
Calculate the remainder when 256514 is divided by 128256.
2
What is the remainder when 47579 is divided by 18?
5
Calculate the remainder when 45637 is divided by 58.
49
What is the remainder when 16951 is divided by 16737?
214
What is the remainder when 42147 is divided by 297?
270
What is the remainder when 305260 is divided by 9?
7
What is the remainder when 29977 is divided by 283?
262
What is the remainder when 542 is divided by 31?
15
Calculate the remainder when 115523 is divided by 38495.
38
What is the remainder when 12080 is divided by 15?
5
What is the remainder when 122087 is divided by 74?
61
Calculate the remainder when 54265 is divided by 95.
20
Calculate the remainder when 7283 is divided by 3270.
743
Calculate the remainder when 131686 is divided by 65752.
182
Calculate the remainder when 26674 is divided by 8886.
16
What is the remainder when 65755 is divided by 77?
74
What is the remainder when 1889 is divided by 579?
152
Calculate the remainder when 4018 is divided by 447.
442
What is the remainder when 4854 is divided by 17?
9
Calculate the remainder when 3246 is divided by 83.
9
Calculate the remainder when 4485 is divided by 2214.
57
Calculate the remainder when 6553 is divided by 30.
13
Calculate the remainder when 9459217 is divided by 940.
937
What is the remainder when 29206 is divided by 303?
118
What is the remainder when 160151 is divided by 288?
23
What is the remainder when 131070 is divided by 98?
44
What is the remainder when 4108 is divided by 1306?
190
What is the remainder when 8039 is divided by 3970?
99
What is the remainder when 2517 is divided by 674?
495
What is the remainder when 57935 is divided by 9654?
11
Calculate the remainder when 7343 is divided by 540.
323
Calculate the remainder when 5344 is divided by 334.
0
Calculate the remainder when 9883 is divided by 92.
39
What is the remainder when 47342 is divided by 39?
35
Calculate the remainder when 97730 is divided by 71.
34
What is the remainder when 560583 is divided by 17?
8
What is the remainder when 17785 is divided by 1134?
775
Calculate the remainder when 2906 is divided by 324.
314
Calculate the remainder when 101996 is divided by 63.
62
Calculate the remainder when 35290 is divided by 102.
100
What is the remainder when 325 is divided by 81?
1
What is the remainder when 228698 is divided by 50?
48
What is the remainder when 396156 is divided by 245?
236
What is the remainder when 3851 is divided by 1873?
105
Calculate the remainder when 15377 is divided by 15373.
4
Calculate the remainder when 175969 is divided by 718.
59
What is the remainder when 2655 is divided by 70?
65
What is the remainder when 883117 is divided by 166?
163
What is the remainder when 24871 is divided by 608?
551
What is the remainder when 27417 is divided by 152?
57
What is the remainder when 35212 is divided by 4398?
28
What is the remainder when 795747 is divided by 13?
4
Calculate the remainder when 1305 is divided by 186.
3
What is the remainder when 6813 is divided by 2269?
6
Calculate the remainder when 37334 is divided by 5204.
906
What is the remainder when 18804 is divided by 298?
30
Calculate the remainder when 19836 is divided by 6609.
9
Calculate the remainder when 148541 is divided b